hat is the remainder when 12397 is divided by 2461?
92
Calculate the remainder when 2616305 is divided by 66.
65
What is the remainder when 33679 is divided by 16833?
13
What is the remainder when 22920 is divided by 84?
72
What is the remainder when 24420 is divided by 1743?
18
Calculate the remainder when 6115 is divided by 106.
73
Calculate the remainder when 69554 is divided by 301.
23
What is the remainder when 52513 is divided by 1411?
306
Calculate the remainder when 55684 is divided by 944.
932
What is the remainder when 46999 is divided by 32?
23
What is the remainder when 11171 is divided by 1389?
59
What is the remainder when 3425631 is divided by 373?
372
Calculate the remainder when 13413 is divided by 645.
513
What is the remainder when 52782 is divided by 391?
388
Calculate the remainder when 3230 is divided by 3200.
30
What is the remainder when 593 is divided by 104?
73
Calculate the remainder when 3626728 is divided by 354.
352
Calculate the remainder when 11325 is divided by 192.
189
Calculate the remainder when 3340727 is divided by 149.
147
What is the remainder when 255096 is divided by 127533?
30
Calculate the remainder when 5397359 is divided by 2064.
2063
Calculate the remainder when 101513 is divided by 82.
79
Calculate the remainder when 23336 is divided by 1561.
1482
What is the remainder when 98852 is divided by 12338?
148
What is the remainder when 331055 is divided by 35?
25
What is the remainder when 10800 is divided by 330?
240
Calculate the remainder when 437 is divided by 270.
167
What is the remainder when 6237 is divided by 390?
387
Calculate the remainder when 13994 is divided by 584.
562
Calculate the remainder when 11876 is divided by 2156.
1096
What is the remainder when 1925 is divided by 4?
1
What is the remainder when 335 is divided by 261?
74
What is the remainder when 2518377 is divided by 510?
507
What is the remainder when 788 is divided by 109?
25
What is the remainder when 18806 is divided by 30?
26
Calculate the remainder when 86844 is divided by 926.
726
What is the remainder when 9385 is divided by 732?
601
What is the remainder when 14407 is divided by 12?
7
What is the remainder when 90366 is divided by 17?
11
Calculate the remainder when 2379 is divided by 2317.
62
What is the remainder when 9064 is divided by 32?
8
What is the remainder when 1460 is divided by 254?
190
What is the remainder when 69184 is divided by 11530?
4
What is the remainder when 27020 is divided by 27018?
2
What is the remainder when 707 is divided by 349?
9
Calculate the remainder when 13312 is divided by 832.
0
Calculate the remainder when 20948 is divided by 54.
50
Calculate the remainder when 3287 is divided by 663.
635
What is the remainder when 12057 is divided by 53?
26
What is the remainder when 635495 is divided by 3?
2
What is the remainder when 2556 is divided by 15?
6
Calculate the remainder when 18492 is divided by 1158.
1122
Calculate the remainder when 4833 is divided by 220.
213
Calculate the remainder when 6123 is divided by 246.
219
What is the remainder when 1480 is divided by 685?
110
What is the remainder when 3518 is divided by 1677?
164
Calculate the remainder when 43918 is divided by 4391.
8
What is the remainder when 188801 is divided by 102?
101
What is the remainder when 196775 is divided by 16?
7
Calculate the remainder when 59936 is divided by 1089.
41
Calculate the remainder when 4089 is divided by 369.
30
Calculate the remainder when 531640 is divided by 23.
18
Calculate the remainder when 18872 is divided by 331.
5
Calculate the remainder when 3709 is divided by 103.
1
What is the remainder when 275734 is divided by 33?
19
Calculate the remainder when 6771 is divided by 3323.
125
Calculate the remainder when 13991 is divided by 415.
296
What is the remainder when 37259 is divided by 60?
59
Calculate the remainder when 42595 is divided by 361.
358
Calculate the remainder when 567401 is divided by 29.
16
Calculate the remainder when 2759 is divided by 34.
5
What is the remainder when 73128 is divided by 71?
69
Calculate the remainder when 28292 is divided by 86.
84
Calculate the remainder when 33746 is divided by 1023.
1010
What is the remainder when 4327 is divided by 8?
7
Calculate the remainder when 654971 is divided by 1932.
23
Calculate the remainder when 61698 is divided by 611.
598
Calculate the remainder when 73327 is divided by 84.
79
Calculate the remainder when 20005 is divided by 9990.
25
Calculate the remainder when 1731 is divided by 230.
121
What is the remainder when 507166 is divided by 13?
10
What is the remainder when 136302 is divided by 98?
82
What is the remainder when 30143 is divided by 10044?
11
Calculate the remainder when 13875 is divided by 4622.
9
Calculate the remainder when 1493 is divided by 9.
8
Calculate the remainder when 27614 is divided by 2508.
26
Calculate the remainder when 12208 is divided by 680.
648
What is the remainder when 4987 is divided by 394?
259
What is the remainder when 3724 is divided by 2976?
748
Calculate the remainder when 508 is divided by 271.
237
Calculate the remainder when 112020 is divided by 862.
822
What is the remainder when 1250 is divided by 756?
494
What is the remainder when 5125 is divided by 648?
589
Calculate the remainder when 2504060 is divided by 1093.
1090
Calculate the remainder when 10079 is divided by 136.
15
Calculate the remainder when 8623 is divided by 101.
38
Calculate the remainder when 156125 is divided by 574.
571
Calculate the remainder when 16840 is divided by 60.
40
Calculate the remainder when 48155 is divided by 140.
135
What is the remainder when 294 is divided by 245?
49
What is the remainder when 1544960 is divided by 166?
164
Calculate the remainder when 17113 is divided by 8549.
15
Calculate the remainder when 1597116 is divided by 280.
276
Calculate the remainder when 9033 is divided by 18.
15
What is the remainder when 13901 is divided by 13898?
3
What is the remainder when 2890 is divided by 5?
0
What is the remainder when 83 is divided by 28?
27
Calculate the remainder when 10381 is divided by 464.
173
Calculate the remainder when 105523 is divided by 61.
54
Calculate the remainder when 115095 is divided by 38365.
0
What is the remainder when 401290 is divided by 440?
10
Calculate the remainder when 577277 is divided by 44.
41
What is the remainder when 1703987 is divided by 66?
65
What is the remainder when 24936 is divided by 257?
7
What is the remainder when 29156 is divided by 29129?
27
Calculate the remainder when 369041 is divided by 30750.
41
What is the remainder when 221239 is divided by 7?
4
What is the remainder when 2154 is divided by 77?
75
What is the remainder when 2462 is divided by 402?
50
What is the remainder when 20009 is divided by 19925?
84
Calculate the remainder when 1122613 is divided by 21.
16
What is the remainder when 4177502 is divided by 32?
30
What is the remainder when 120024 is divided by 29?
22
What is the remainder when 14121 is divided by 344?
17
What is the remainder when 10729 is divided by 129?
22
What is the remainder when 3937339 is divided by 605?
604
What is the remainder when 170754 is divided by 18972?
6
What is the remainder when 4068 is divided by 810?
18
Calculate the remainder when 491618 is divided by 169.
166
Calculate the remainder when 8474 is divided by 56.
18
Calculate the remainder when 3670 is divided by 617.
585
What is the remainder when 21057 is divided by 19?
5
Calculate the remainder when 1861 is divided by 213.
157
Calculate the remainder when 4525709 is divided by 16.
13
Calculate the remainder when 9286 is divided by 125.
36
Calculate the remainder when 17915 is divided by 1798.
1733
Calculate the remainder when 576009 is divided by 17.
15
Calculate the remainder when 131858 is divided by 2197.
38
What is the remainder when 119890 is divided by 56?
50
What is the remainder when 84567 is divided by 31?
30
What is the remainder when 7964 is divided by 114?
98
What is the remainder when 12205 is divided by 1111?
1095
Calculate the remainder when 10111 is divided by 150.
61
What is the remainder when 1677 is divided by 62?
3
What is the remainder when 642695 is divided by 732?
731
What is the remainder when 110970 is divi